ite?
False
Let b = 21 - 33. Is 31/(1 - b/(-14)) composite?
True
Let c(b) = -4*b**3 - 16*b**2 - 45*b + 38. Let l(d) = -5*d**3 - 16*d**2 - 45*d + 37. Let i(z) = -6*c(z) + 5*l(z). Is i(18) a prime number?
False
Let u = 145 - 139. Is (8218/u)/((-8)/(-6) - 1) a prime number?
False
Let w(a) = 21*a - 1. Let n be w(4). Suppose -4*u = -7*u + 12, 0 = -j + u + n. Let v = j + -56. Is v composite?
False
Let p(m) = 3*m**2 - 3*m + 9 + 0*m**2 - 4*m**2. Let f be p(-4). Suppose 4 = 2*z - 4, -4*z = f*g - 651. Is g a composite number?
False
Let m(n) = 5*n**2 + 4*n + 10. Let i = 13 - 0. Is m(i) a prime number?
True
Is (21/42)/((-53046)/(-53044) - 1) a composite number?
True
Suppose -2*x + 4644 = -1858. Is x prime?
True
Let y be 11/((-66)/(-5004)) - (2 + -1). Suppose y + 1101 = 2*p. Is p a prime number?
True
Suppose -1 = 4*h - 3*q - 198, 4*h - 194 = 2*q. Is h prime?
True
Let p(g) = 6588*g**2 + 5*g + 6. Is p(-1) a prime number?
False
Suppose -3*q + 6196 = g, 3 + 2 = -g. Let i = q - 1432. Is i prime?
False
Is ((-57066)/9)/((-34)/51) composite?
False
Let w(h) = 2*h**3 + 14*h**2 + 4*h - 2. Is w(-6) a composite number?
True
Suppose 0 = 34*j - 91728 - 112646. Is j composite?
False
Let g = 9 + 1. Let j = g + -8. Suppose 0 = 7*c - j*c - 1895. Is c a composite number?
False
Let l(r) = 3*r**2 - 8*r + 9. Let x(p) = 4*p**2 - 9*p + 10. Let y(j) = -5*l(j) + 4*x(j). Let o = -131 + 121. Is y(o) composite?
True
Suppose -3*p - 4*u = -25, 5*u - 3 = -p - 2. Suppose -2*g + p*g = 10737. Is g a prime number?
True
Let k(w) = -w - 4. Let r be k(2). Is r/(-4) + 5/((-20)/(-78)) composite?
True
Let w = 8 - 3. Suppose 0 = -w*p + 4*p + 557. Is p a prime number?
True
Is (-21)/28 + 300949/44 prime?
False
Let t be (24/(-21))/(10/(-35)). Suppose -6 = -t*z + 6. Suppose 3*o - 477 = -k, -477 = -4*o + o - z*k. Is o a composite number?
True
Is -4 - 13/((-26)/17730) prime?
True
Suppose t + 93 = 4*t. Let x = t + -31. Suppose 0*y + 3*y - 1563 = x. Is y composite?
False
Suppose 21 = 6*l - 9. Suppose j - 95 = -4*j - 3*f, -l*f - 3 = j. Is j prime?
False
Suppose -5*l = 679 - 10014. Is l a prime number?
True
Let y be 2/4*(-1353 - -7). Suppose f = 974 + 382. Let z = f + y. Is z composite?
False
Suppose -r + 1 = -u - 0*r, -5*u + 3*r = 7. Let h be 2*1/u - 5. Is (h/(-4) + -1)*1082 composite?
False
Let t = -7 + 5. Is -2 + t - (-269 + 12) a prime number?
False
Suppose 4*t - 7*w - 91554 = -6*w, -5*t + 2*w + 114441 = 0. Is t a composite number?
True
Is 1*18/(-6)*(-3557)/3 a prime number?
True
Suppose -11*a + 9*a = 488. Let b = a - -1139. Is b prime?
False
Suppose -4*m = 2*a + 28, -5*a - 14 = 3*m + 28. Is (-1409)/a + (-16)/(-96) a composite number?
True
Let i(z) = z**2 + 1. Let n be i(-1). Is (1184/16)/(n/5) a prime number?
False
Let g(x) = 8*x**2 + 63*x + 16. Let t be g(-20). Suppose t = 25*r - 19*r. Is r a prime number?
False
Let c(v) = -23*v - 32. Let n(t) = t**3 + 3*t**2 + t + 15. Let a be n(-4). Is c(a) a prime number?
True
Let n(t) = -37*t**3 - 2*t**2 + t + 1. Suppose -3*q + q = 2*b + 6, -5*b = 3*q + 13. Is n(b) prime?
False
Let t(k) be the first derivative of -791*k**2/2 - 6*k + 1. Is t(-1) prime?
False
Let n be 3 + 9/(-3) + 2. Let t(q) = q - 2*q**n + 0*q + 15*q**3 - 6*q**3 - 1. Is t(2) a composite number?
True
Suppose -122*a + 1077 = -119*a. Suppose -15*h + 1096 = -a. Is h a composite number?
False
Let r = -3273 + 6536. Is r composite?
True
Suppose -586 = -9*r + 7*r. Is r composite?
False
Suppose -4*p + 0*p + 5*f + 63 = 0, -2*p + 64 = 4*f. Suppose p = -h + 4. Is (459/h)/((-1)/2) a prime number?
False
Suppose 87*k + 42*k = 2780853. Is k a composite number?
False
Let m(q) = 60*q**2 - 3*q - 67. Is m(8) a composite number?
True
Let a be (-11)/(-3) - 1*3/(-9). Is -2 + 755 + (-16)/a prime?
False
Suppose 0 = -296*p + 303*p - 34895. Is p a composite number?
True
Let k(m) = 13*m**2 - 18*m + 138. Is k(19) a composite number?
True
Let l be (9/(-12))/((-15)/100). Suppose l*q = -x + 5592, 3*q - 3*x = -0*q + 3366. Suppose d - q = 538. Is d a prime number?
True
Suppose f = -l + 17906, -f - 35797 = -3*f + 3*l. Is f composite?
False
Suppose -4*k + 7 = 5*j, 5*k + 19 = -3*j + 6*j. Suppose 3*b = j*u + 10020 - 73842, 5*b - u + 106386 = 0. Is b/(-22) - 14/77 a prime number?
True
Suppose -3*q = t - 7376, t + 2*t = 2*q + 22150. Is t a prime number?
False
Let u(s) = -8*s + 3. Let f be u(0). Let m(i) be the third derivative of i**5/10 + i**4/24 + i**3/3 - i**2. Is m(f) composite?
False
Let t be (-4)/10*2*-5. Suppose 885 = 2*b - h, -5*b + 2*h + 2235 = t*h. Is b a composite number?
True
Let r(w) = w**3 + w**2 - w + 53. Suppose 5*i = 3*a, 4*i + 2*a = -3*a. Let v be 1 + -1 + i/(-8). Is r(v) prime?
True
Let t = -11 - -11. Let k(a) = 3*a + 27 - 3*a - a + t*a. Is k(13) prime?
False
Let p(k) = 8*k**2 + 8*k - 13. Let u be p(3). Let i = -58 + u. Is i a prime number?
False
Suppose -3*f = -4*o - 779, -3*o + 4*f = -2*o + 211. Let d = -42 - o. Is d a composite number?
False
Let j(h) = 1101*h**2 + 2*h + 1. Is j(2) prime?
True
Suppose -5*i = 4*o - 92317, -i - 11*o = -9*o - 18467. Is i composite?
False
Let a(s) = 1446*s + 3. Let p be a(-1). Let b = p - -2074. Is b a prime number?
True
Suppose 11*p = 8*p + 4*b + 123367, b = -4. Is p a composite number?
False
Let v(o) = 29*o**2 - 5*o + 9. Suppose 0 = -5*r - 0*r - 140. Let n = -23 - r. Is v(n) a composite number?
False
Let b = 2458 - -17113. Is b composite?
False
Let t = 3 - 5. Let l(d) = 19*d**3 + 6*d**2 - 54*d + 3. Let u(c) = -6*c**3 - 2*c**2 + 19*c - 1. Let f(a) = -6*l(a) - 17*u(a). Is f(t) a composite number?
True
Suppose 7*q - 34 = -125. Is 1 - 1 - (-570 + q) a composite number?
True
Let j = 4983 + -3266. Is j a composite number?
True
Let b(x) = -9144*x - 425. Is b(-11) a prime number?
False
Suppose -14887 = 11*t - 13*t - 5*k, -4*t = -4*k - 29704. Is t a prime number?
False
Suppose -30648 + 5675 = -17*q. Is q prime?
False
Suppose -u = -3*n + 1389, 10 = -3*n - 2*n. Let m = -692 - u. Is m composite?
True
Suppose -2*p + 5 + 7 = 0. Is 140/(-6)*p/(-4) prime?
False
Let g(x) = -x - 2. Let p be g(-3). Let n be -2*p/(1 - -1). Let o(q) = 84*q**2 - 2*q - 1. Is o(n) composite?
True
Suppose 21 - 15 = 2*x. Suppose x*v - 20079 = -6*v. Is v a prime number?
False
Suppose 0 = o - w + 2*w - 10, 0 = 5*w. Suppose 0 = 7*i - o*i + 2037. Is i composite?
True
Let m(l) = -l**3 + 11*l**2 + 12*l - 2. Let f be m(12). Let t be (580/(-6))/(f/6). Suppose 3*k - t = k. Is k prime?
False
Let n = 5505 - 1252. Is n composite?
False
Suppose 2*u = -5*k - 3029, 3*k - 2*u + 5*u + 1812 = 0. Let v = k + 884. Is v a composite number?
False
Let r = -1658 - -5451. Is r a prime number?
True
Let j = -56 - -56. Suppose 2*n - 4 = j, -3*n - 1973 = -3*w - n. Is w a composite number?
False
Suppose -244*z + 249*z - 3665 = 0. Is z a prime number?
True
Suppose -x = 2*k + 7 - 18, -5*k - 2*x = -25. Suppose -k*a + 226 = -a. Is a a composite number?
False
Let a be (1 + 8/2)/1. Suppose 3*x = -a*w + x + 278, 3*w - 5*x - 142 = 0. Suppose -z = 4*g - 889, 380 + w = 2*g + 4*z. Is g a prime number?
True
Let m(u) = u**3 - 7*u**2 - 7*u - 15. Let g be m(7). Let l = -466 + 671. Let o = l + g. Is o a prime number?
False
Let v = -90821 - -178614. Is v a prime number?
True
Let r be 36/(-27) - 122/(-6). Suppose -4*f + r = -5. Is f/(-9) + 501/9 a composite number?
True
Is (-81562)/(3 + -16)*(2 + -1) a prime number?
False
Is ((-2)/(-5))/(18/(-180)) - -195 prime?
True
Suppose -2*t + l + 2*l = -12, 4*l = -2*t + 26. Let c be (-15)/2*(-6)/t. Suppose 0 = -c*r - 0*r + 95. Is r composite?
False
Let d = 6330 + -3797. Is d prime?
False
Let z(v) be the third derivative of 35*v**4/3 - 11*v**3/6 + 6*v**2. Is z(7) a composite number?
False
Suppose -5*a - 10260 = -5*v, -v + 10281 = -5*a - 3*v. Is (0 - (-4)/1)*a/(-20) a prime number?
False
Suppose -15*g = -19*g - 64. Let u = -79 - -145. Let j = u - g. Is j a composite number?
True
Is 15443 + -6 + -3 + 1*5 a composite number?
False
Suppose -2*o + 15 = 3*o. Suppose -o*f + 10 = 2*j - 22, 2*f = 4*j - 80. Is (-4)/(3 + -7)*j composite?
False
Suppose -3*h + 115577 = 5*o, 2*h - 4484 - 18637 = -o. Is o composite?
True
Is (-4636)/(-14) - 63/441 a composite number?
False
Let o be (18 + 1)/((-11)/(-33)). Let w = 448 - o. Is w a composite number?
True
Let i = 42 - -36. Let g be 6/15 + i/5. Suppose g*z + 2045 = 21*z. Is z composite?
False
Let b(y) = 2